 the prime factors of j?
2, 3
Let l(s) = 505*s + 978. What are the prime factors of l(26)?
2, 3527
Let o(s) = 9366*s + 50. What are the prime factors of o(1)?
2, 11, 107
Suppose -8*c + 10*c + 2114 = 4*q, 0 = c - 3*q + 1055. Let j = -889 - c. What are the prime factors of j?
2, 43
List the prime factors of (15 - 2) + (69987 - 281).
13, 31, 173
Let y(h) = 7473*h + 5168. List the prime factors of y(8).
2, 23, 353
Suppose 2*l + 3*i + 309 + 527 = 0, 3*l = 4*i - 1254. Let v = 1068 + l. What are the prime factors of v?
2, 5, 13
Suppose 0 = 4*r - 0*r - 80. Let f = r + -18. List the prime factors of 32 - (2/f - 2).
3, 11
List the prime factors of 192750/34 - 5/(-680)*-16.
5669
Suppose 4*g = -4*c + 24, 2*c + 16 = g + g. Let w = 0 + g. Suppose -4*r - 126 = -w*r. List the prime factors of r.
2, 3, 7
Let s(g) = g**2 + 14*g - 32. Let v(a) = a**3 - 10*a**2 + 5*a + 20. Let p be v(9). Let m be s(p). What are the prime factors of m - ((-3)/(-1) + -23)?
2, 5
Let d = 7342 - -897. List the prime factors of d.
7, 11, 107
Let w(o) be the first derivative of -7*o + 0*o**2 + 11 + 1/3*o**3. List the prime factors of w(-6).
29
Let h = -299 - -775. Suppose 0 = 14*w - 10*w - h. List the prime factors of w.
7, 17
Suppose -2*f = 4*o + o, f - 1 = -3*o. Let w(x) = x**3 + 7*x**2 + 4*x - 3. Let q be w(f). Suppose 54 = -q*z + 28*z. What are the prime factors of z?
2, 3
Suppose 247184 = 5*f - 4*g, -4*f + 1844*g + 197772 = 1847*g. List the prime factors of f.
2, 3, 5, 103
Suppose -13*r + 2569644 = 53*r. List the prime factors of r.
2, 3, 7, 103
Let d(u) = -21*u + 1934. List the prime factors of d(44).
2, 5, 101
Let m = -28126 + 73935. List the prime factors of m.
19, 2411
Let y be 2 + (-234)/10 + 2/5. Suppose -2*o = -4, 0 = -3*i - i + 3*o - 26. List the prime factors of (-3 + y/i)/((-18)/(-780)).
2, 13
Suppose 0*f = -7*f - 3836. Let p = -176 - f. List the prime factors of p.
2, 3, 31
List the prime factors of ((32/18)/(-4)*-51)/((-24)/(-8172)).
2, 17, 227
Let w(y) = -y**3 + 16*y**2 - 286*y - 15. List the prime factors of w(-32).
7, 11, 757
What are the prime factors of 4/18 - ((-139092)/54 - 4 - 0)?
2, 3, 5, 43
Let o = -374 + 128. Let k = o + 376. What are the prime factors of k/3 - (-4)/(-3)?
2, 3, 7
Let b be 36 + (-1)/(-4)*0. List the prime factors of 28323/b - 3/(-12).
787
Let q(k) = 12*k**2 - 49*k + 2969. What are the prime factors of q(-67)?
2, 3, 5, 167
Let r = 40515 + -19918. List the prime factors of r.
43, 479
Suppose 8*d - 2 = 14. Suppose 0 = -4*y - 5*n + 709, -d*n = 9 - 11. What are the prime factors of y?
2, 11
Let c be ((-16)/4 - 114)/(-2). Suppose 2*m - 68 = -5*v, 7 = -3*m - 3*v + 100. Let n = c - m. List the prime factors of n.
2, 3, 5
Let k(x) = -2*x**2 + 4*x - 33. Let q(l) = -4*l**2 + 9*l - 65. Let s(v) = -5*k(v) + 2*q(v). List the prime factors of s(-16).
3, 193
What are the prime factors of (-5 + 13958)*(-9 + (-90)/(-9))?
3, 4651
Suppose -51*n = 28*n - 669920. What are the prime factors of n?
2, 5, 53
Suppose -7*s + 13822 = 5*n - 9*s, 3*s - 12 = 0. List the prime factors of n/6 + (2 - -1).
2, 29
Let b = -16 - -14. Let z be (-1 - b)*62/(-3)*-3. Let m = 42 + z. List the prime factors of m.
2, 13
Suppose 25*z = 20*z - 60. List the prime factors of (-7578)/z - (-3)/6*-1.
631
Let x = -5 - 1. Suppose 3*f + 110 = 23. Let d = x - f. List the prime factors of d.
23
Suppose 28*d + 360840 = 2202876. What are the prime factors of d?
3, 21929
Suppose 647*d + 2*x + 96078 = 649*d, -4*x + 32 = 0. List the prime factors of d.
23, 2089
Suppose -2048 = 8*l - 5432. Suppose -5*d - 25*z + 30*z + 435 = 0, 2*z + l = 5*d. List the prime factors of d.
83
Suppose -102402 + 35706 = -12*a. What are the prime factors of a?
2, 7, 397
Suppose i - 3*y - 17 = 0, -i + 4 = 3*y - 1. Let d(b) = b - 3. Let j(v) = 1. Let m(u) = 3*d(u) + 7*j(u). List the prime factors of m(i).
31
Suppose 0 = -19*i + 957269 - 136843 + 202686. What are the prime factors of i?
2, 53, 127
Let m(c) = 390*c**2 + 174*c + 138. What are the prime factors of m(-11)?
2, 3, 29
Let z = -48 - -80. Let y = z + 1. Suppose -y = -3*n + 6. List the prime factors of n.
13
Let u(y) = y**3 + 12*y**2 + 18*y - 14. Let n be u(-9). Let t = 70 - n. What are the prime factors of (7 - 4) + (-165)/(-3) + t?
61
Suppose -s = 2*x - 10, 15*s - 3*x = 10*s - 15. Suppose -2 + 12 = -2*c, 5*y + 2*c - 445 = s. Let l = y - 61. What are the prime factors of l?
2, 3, 5
Suppose 3*j = -q - 139, -5*q - 496 = -q - 3*j. Let a = q - -246. Let o = 290 - a. What are the prime factors of o?
3, 19
Suppose 3*c = -5*w - 47, -2*c - c + 4*w = 38. Let m(z) = -3*z - 44. Let l be m(c). List the prime factors of (6 - 3) + 118 - l.
3, 41
Suppose q + 119 - 124 = 0. Let u(s) = 58*s + 34. What are the prime factors of u(q)?
2, 3
List the prime factors of (160/(-25) - -4)*(-5245)/2.
2, 3, 1049
Let f be 30/90 - (-1334)/(-6). Let c = 393 + f. List the prime factors of c.
3, 19
Suppose k - 3*g = -4, 2*g = 5*k + 7*g - 20. Suppose 0 = 3*u + d + 218 - 2767, -2*d - k = 0. What are the prime factors of u?
2, 5, 17
Let m(s) = 14*s - 87. Suppose -4*h = -8*h - 5*c + 155, -5*h - 3*c = -210. What are the prime factors of m(h)?
3, 181
Suppose 8*v - 379 = -1083. Let l = -368 - -571. Let d = l + v. List the prime factors of d.
5, 23
What are the prime factors of (-66980 - 8)*-1*(-3)/(-12) + -6?
16741
What are the prime factors of 4436*(7 - 5) + (-16)/4?
2, 3, 739
Suppose -5*a = 15, -a = -l + 3*l - 155. Let z = -76 + l. Suppose 0 = -5*r + y + 596, z*r = -3*y - 76 + 448. What are the prime factors of r?
2, 3, 5
Let m = 276 + 75. Suppose 7*o = 2*s + 4*o - 234, -2*o + m = 3*s. What are the prime factors of (-2)/5 - s/(-5) - -2?
5
Suppose -4*j + 77*u - 72*u = 34, 5*j + 38 = 4*u. Let t(r) = 0*r**3 - 3*r**3 + 6*r**2 - 23 - 10*r + 4*r**3. What are the prime factors of t(j)?
37
Let z(t) = 7*t**2 - 25*t + 39. Suppose 28*l = 21 + 287. List the prime factors of z(l).
13, 47
Suppose -13*z + 53436 = -39977 + 32781. List the prime factors of z.
2, 11, 53
Suppose 33*t = 17365 + 124381 - 17237. List the prime factors of t.
7, 11
Suppose -3*j - 24 = j. Let l(f) = f**2 + 5*f - 3. Let u be l(j). Suppose 8*d = u*d + 515. What are the prime factors of d?
103
Let v(o) = -4*o + 8. Let g be v(-1). Suppose g*q = 15*q - 3285. What are the prime factors of q?
3, 5, 73
Suppose 0*v = -5*v + 35. Let f(r) = -r**2 + 49*r + 12. Let i(c) = c**2 - 56*c - 13. Let l(k) = 7*f(k) + 6*i(k). List the prime factors of l(v).
2, 3
Let k(g) = -4*g**2 + 17*g - 20. Let r be k(9). Let v = 275 + r. Let b = v - 36. List the prime factors of b.
2, 3
Let s = 17664 + -6917. List the prime factors of s.
11, 977
Let d(w) = -w**3 + 8*w**2 + 11*w + 7. Suppose 12 = 3*f - 24. Let i(j) = j - 4. Let h be i(f). List the prime factors of d(h).
5, 19
Suppose -18*t - 15*t + 2772 = 0. Let h = t - 44. List the prime factors of h.
2, 5
Let h be (-412)/(-14) - (-8)/14. What are the prime factors of 23606/h + (286/(-165))/(-13)?
787
Let x be -6 + 1 + 2 - -66. List the prime factors of 4/9 - (-20573)/x.
3, 109
Suppose -8588 = -14*w + 15926 + 22330. List the prime factors of w.
2, 7, 239
Let s(k) = 7614*k**2 + 5*k - 3. Let p be s(1). Suppose 39*l - 11*l - p = 0. What are the prime factors of l?
2, 17
Let b(s) = 962*s + 1241. What are the prime factors of b(5)?
3, 2017
Let p be -8*(26 + -3 + -1) - 1. Let h = 122 - p. List the prime factors of h.
13, 23
Let h = 474 + -468. List the prime factors of 1586*(15/h + -2) + 0.
13, 61
Let c be 7 + (-8 - -3) + 540. Let g = c + 148. What are the prime factors of g?
2, 3, 5, 23
Let a(p) = -p**2 + 39*p + 85. Let l be a(28). Let q = 1064 - l. List the prime factors of q.
11, 61
Suppose 5*v + 0*v - 75 = 0. Suppose 0 = -7*m + 4*m - v. Let o(c) = -c. List the prime factors of o(m).
5
List the prime factors of (5/(-15))/((-36974)/6162 + 6).
13, 79
Let s be -3*((-40)/(-12) + -3) - -729. List the prime factors of ((-147)/4)/((-39)/s).
2, 7
Suppose -3*w = -3*u + 24, -5*u - 3*w + 9 = -7. Suppose -14 - 11 = -u*n. Suppose -v - 4*v = -2*r + 141, -5*r + 390 = -n*v. List the prime factors of r.
83
Let m(d) be the third derivative of -d**6/120 - d**5/60 + d**4/3 + 7*d**3/6 - d**2. Let p be m(-3). List the prime factors of p/(111/55 - 2).
5, 11
Suppose o + 50 = 48, -3*l + 2*o + 24505 = 0. What are the prime factors of l?
8167
Let x = -26160 + 36